h be -2*1*(-1 - o). What is the greatest common factor of h and 8?
4
Let h(a) = 189*a**3 - a. Let c be h(1). What is the highest common factor of c and 47?
47
Let g = 53 + -25. What is the greatest common factor of g and 252?
28
Let l = 3 - -2. Calculate the highest common factor of l and 30.
5
Let c(n) = -17*n**3 + n**2 + 2*n + 1. Let q be c(-1). Let a = -9 - -20. Let o = q - a. Calculate the highest common divisor of 48 and o.
6
Let s = -7 + 21. What is the highest common factor of s and 14?
14
Let u be ((-6)/5 + 0)*-5. Let d(r) = r - 7. Let q be d(6). Let c(o) = -17*o + 1. Let a be c(q). Calculate the greatest common factor of u and a.
6
Suppose -19*k + 688 = 118. Calculate the highest common factor of 45 and k.
15
Let m = -22 - -8. Let s be (-178)/m + (-4)/(-14). What is the highest common divisor of s and 39?
13
Suppose h + 35 - 5 = 0. Let x = h + 43. Calculate the highest common divisor of x and 13.
13
Let h(l) = 2*l**2 + l + 20. Let s be h(6). Calculate the greatest common factor of 14 and s.
14
Let o = 1 - -5. Let z be 0 + 1 + (195 - -2). Suppose -3*l = -0*l - z. Calculate the highest common divisor of l and o.
6
Let x be (8/2)/(-4) - 0. Let h be 34 - -4*x/(-2). What is the greatest common divisor of 4 and h?
4
Suppose 0 = -16*p + 21*p - 45. Let r(g) = g**2 - 6*g + 1. Let j be r(6). What is the greatest common factor of p and j?
1
Let z be (2/(-1) - -32) + (-3)/(-1). What is the highest common factor of z and 3?
3
Let n = -7 + 10. Let s(l) = l**2 - l - 1. Let z be s(n). What is the greatest common divisor of 25 and z?
5
Suppose 4*k - 6*g + 2*g = 76, k - 3*g = 17. What is the greatest common divisor of k and 4?
4
Suppose x = -5*w + 27, 0*x = 5*x - 2*w. Let d be x/8 - 1115/(-20). Let p be (13/(-3) - -2)*-3. What is the greatest common divisor of d and p?
7
Let b = -8 + 173. Let i be 17/(1/1) + -2. Calculate the greatest common factor of b and i.
15
Let g be 9/(3 - 81/24). Let y = 33 + g. Calculate the highest common divisor of y and 63.
9
Let r(h) = -3*h. Let n be r(1). Let t = n + 8. Suppose 4*y + t*o = 228 - 63, 0 = 4*y + 2*o - 162. What is the greatest common divisor of y and 5?
5
Suppose -a + 4*a - 15 = 0. Suppose -279 = -a*w + 1. Suppose -b - w = -5*b. Calculate the greatest common divisor of b and 21.
7
Let q be (-44)/(-8) - 2/4. Calculate the greatest common factor of 45 and q.
5
Suppose 3*n + 102 = 6*n. Suppose d + 38 - 103 = 4*i, -4*i = d - 105. What is the greatest common factor of d and n?
17
Let b = -3 + -13. Let n = b - -24. Calculate the highest common factor of 56 and n.
8
Suppose 2*n + 13 = 37. Calculate the highest common divisor of 48 and n.
12
Let u = -18 - -19. Calculate the greatest common factor of u and 1.
1
Let h = 274 + -164. What is the greatest common factor of 22 and h?
22
Let s be ((-36)/10)/((-1)/5). Let f = s - -4. Suppose -5*a = -8 - f. Calculate the greatest common divisor of a and 6.
6
Let r(w) = -3*w - 13. Let z(q) = -2*q - 12. Let a(t) = -4*r(t) + 5*z(t). Let h be a(14). Calculate the highest common divisor of h and 10.
10
Let m = 8 - 5. Suppose 16 + 14 = m*d. Calculate the highest common factor of 2 and d.
2
Let z(r) = 22*r**2 - 1. Let t be z(-2). Calculate the greatest common divisor of t and 29.
29
Let j = 109 - 65. What is the highest common factor of j and 11?
11
Let p be (-13)/(-1) + 0 + 1. Suppose -2*n = -2*z + 3*n + 59, 148 = 4*z - 4*n. Calculate the greatest common divisor of z and p.
14
Let x be (-211)/(-5) - (-3)/(-15). Let k(u) = 2*u + 3. Let w be k(4). Let y = w - 5. Calculate the greatest common divisor of x and y.
6
Suppose -4*g = 5*h - 19, 2*h - 3 = 2*g + g. Calculate the highest common factor of g and 3.
1
Let r be ((0 - 0) + 1)*25. Calculate the highest common factor of 5 and r.
5
Suppose -2*a + 5*x = -0*a, a + 4*x = 13. What is the highest common factor of 90 and a?
5
Let v(t) = t**2 + 7*t + 10. Let c be v(-6). What is the highest common divisor of c and 28?
4
Let n be ((-5)/20)/(1/(-4)). Calculate the greatest common divisor of n and 9.
1
Let k(i) = -i**3 + 4*i**2 - 4*i + 2. Let u be k(3). Let n = u - -2. What is the greatest common divisor of n and 11?
1
Let i = -168 - -182. Let c(l) = 5*l**3 - 2*l - 3. Let d be c(3). Calculate the greatest common factor of d and i.
14
Let b be (8/(-12))/((-4)/(-6)). Let p be ((-21)/14)/(b/64). What is the greatest common factor of p and 12?
12
Let o(z) = z**3 - 4*z**2. Let h be o(4). Let s be 21/(-9)*(-45 + h). What is the highest common divisor of 21 and s?
21
Suppose 2*t + 6*t - 168 = 0. Calculate the highest common factor of t and 7.
7
Let j = -50 - -66. What is the greatest common divisor of 72 and j?
8
Suppose 15 = -4*d - 5. Let h = d - -4. Let y be 0 + 3 + h + 13. Calculate the greatest common factor of 120 and y.
15
Suppose -q + 13 = -11. What is the highest common divisor of 16 and q?
8
Let l be (-9)/1 - (0 + -1). Let k be 81/2 - (-4)/l. What is the greatest common factor of k and 10?
10
Let w(i) = i**3 - i**2 - 83. Let p be w(0). Let d = -13 + p. Let x be ((-10)/4)/(8/d). Calculate the highest common divisor of 6 and x.
6
Let t(j) = -2*j**2 + 5*j**2 - 4*j**2 - 5*j + 2. Let n be t(-4). Suppose -2 = -d - 2*p, -2*d = 2*d + 4*p - 16. What is the highest common factor of n and d?
6
Let v(y) = -y**3 + 4*y**2 + 3*y - 2. Let g be v(4). Calculate the highest common factor of g and 30.
10
Let w be ((-378)/(-15) - 2)/(2/5). Calculate the greatest common divisor of 29 and w.
29
Let f = 3 - 0. Let p be (f - 2)/(2/14). Let i be 7 - 0/(-2*1). Calculate the highest common divisor of p and i.
7
Let v be (2/(-1) - -8)*5. Let j = -12 + 24. Let r be j + (2 + 1 - 5). What is the greatest common factor of r and v?
10
Let x = -6 - -12. Let d = x + 14. Suppose 28 = a - 2. What is the greatest common factor of d and a?
10
Let o = 10 - 7. Suppose 51 - 3 = o*q. Let j = -36 - -60. What is the highest common divisor of q and j?
8
Let l be 35/(-10)*4/(-1). Calculate the greatest common factor of 56 and l.
14
Suppose -3*u + 5*q = 58 - 441, q = 3*u - 403. Calculate the highest common factor of 34 and u.
34
Suppose 2*k - 4*y - 28 = 0, -3*k - 3*y = 2*y + 13. Suppose t = k*t + 4*m + 26, -4*m = -2*t - 4. Let b = 1 - t. Calculate the greatest common factor of 49 and b.
7
Suppose 3*t = -0*t - 9. Let p(v) = 2*v**2 - 2*v - 5 - v**2 + 2. Let q be p(t). Calculate the highest common factor of q and 8.
4
Let a(q) = -8*q + 7. Let p be a(-6). What is the highest common divisor of 5 and p?
5
Suppose 3*l + 3*r + 3 = 0, 5*r = 4*l - l - 5. Suppose 0 = 5*j - 10, 3*o = -l*o + j + 28. Let p = o + -7. Calculate the highest common divisor of 15 and p.
3
Let u = 24 + -12. What is the greatest common divisor of u and 4?
4
Let r(i) = i**3 + 6*i**2 + 5*i + 5. Let b be r(-5). Suppose m + 20 = -b. Let x = m + 43. Calculate the greatest common divisor of 6 and x.
6
Suppose 4*b + 5*x - 4*x - 213 = 0, 2*b - 2*x = 104. Suppose -3 + b = 5*s. What is the greatest common divisor of 10 and s?
10
Let f(s) = -43*s - 4. Let c be f(-3). Calculate the greatest common factor of c and 25.
25
Let d be (6/4)/(3/30). What is the greatest common divisor of 60 and d?
15
Let w be -4*3/6 - 0. Let x = 7 - w. What is the greatest common factor of 6 and x?
3
Let i = 166 - 162. What is the greatest common divisor of i and 76?
4
Suppose 2*l - 9 - 3 = 0. Let i be 57 + (-5 - -3 - (4 - 3)). What is the greatest common divisor of l and i?
6
Suppose a + 0 = 4. Suppose 0*o - 96 = -a*o. What is the highest common factor of o and 24?
24
Suppose -40 - 14 = -3*a. Let z(m) = 482*m**2 + m. Let f be z(-1). Suppose -3*x = -4*u + 2*x + 673, x - f = -3*u. What is the highest common factor of a and u?
18
Suppose -o = 4*o - 75. What is the greatest common divisor of 165 and o?
15
Suppose 4*s - 9 = -1. Suppose a = i + s*i + 19, 14 = -3*i - 4*a. Let r be i/(-9) - 92/(-6). What is the highest common divisor of r and 112?
16
Let i(f) = -f + 1. Let a be i(0). Suppose -2 - 3 = 5*n. Let d = a - n. Calculate the highest common factor of d and 8.
2
Let c be (-8)/(-12) + 39/9. What is the highest common divisor of c and 35?
5
Suppose 0*i = 3*i - 135. What is the highest common factor of i and 9?
9
Let k(h) = 7*h**3 - 2*h. Let v be k(2). Calculate the greatest common divisor of v and 117.
13
Suppose 0*f - 4*f - 16 = 0. Let q = -1 - f. Suppose 3*c =